actors of 2213863825.
5, 431, 205463
List the prime factors of 886601001.
3, 11, 13, 89, 2111
What are the prime factors of 121471374?
2, 3, 61, 331889
List the prime factors of 101392345.
5, 109, 186041
What are the prime factors of 345031464?
2, 3, 23, 625057
What are the prime factors of 205002727?
2069, 99083
List the prime factors of 2604346110.
2, 3, 5, 17, 337, 5051
What are the prime factors of 45697577?
1663, 27479
List the prime factors of 294845886.
2, 3, 5460109
List the prime factors of 50743477.
50743477
What are the prime factors of 128674201?
2963, 43427
What are the prime factors of 22319318?
2, 7, 31, 51427
What are the prime factors of 1373372413?
7, 196196059
List the prime factors of 186037294.
2, 23, 4044289
What are the prime factors of 626293563?
3, 7, 3449, 8647
What are the prime factors of 336718180?
2, 5, 227, 74167
What are the prime factors of 365717982?
2, 3, 7, 241, 36131
What are the prime factors of 149039783?
149, 191, 5237
What are the prime factors of 4952082109?
13, 37, 709, 1117
What are the prime factors of 51132761?
51132761
What are the prime factors of 446047740?
2, 3, 5, 23, 107741
What are the prime factors of 58418889?
3, 1601, 12163
List the prime factors of 1069814948.
2, 267453737
List the prime factors of 1418037778.
2, 101, 193, 36373
List the prime factors of 241877841.
3, 31, 2600837
List the prime factors of 190655909.
859, 221951
List the prime factors of 46887494.
2, 23443747
List the prime factors of 7123613946.
2, 3, 23689, 50119
List the prime factors of 121459670.
2, 5, 461, 26347
What are the prime factors of 176027605?
5, 13, 17, 241, 661
What are the prime factors of 137618970?
2, 3, 5, 659, 6961
What are the prime factors of 596716589?
7, 71, 1200637
List the prime factors of 354379578.
2, 3, 7, 8437609
List the prime factors of 614288161.
101, 6082061
List the prime factors of 243105315.
3, 5, 499, 32479
List the prime factors of 562685917.
43, 1151, 11369
List the prime factors of 1198098640.
2, 5, 421, 35573
List the prime factors of 42262214.
2, 37, 571111
List the prime factors of 97512342.
2, 3, 3517, 4621
List the prime factors of 2752264683.
3, 7, 2080321
List the prime factors of 912207292.
2, 251, 908573
List the prime factors of 129404018.
2, 2467, 26227
What are the prime factors of 55715275?
5, 7, 11, 103, 281
What are the prime factors of 38504803?
38504803
What are the prime factors of 723478079?
3001, 241079
List the prime factors of 121301136.
2, 3, 11, 76579
What are the prime factors of 1584293658?
2, 3, 67, 3941029
What are the prime factors of 307259943?
3, 102419981
List the prime factors of 977015488.
2, 37, 412591
What are the prime factors of 17456036?
2, 13, 335693
List the prime factors of 1227303056.
2, 7, 10958063
What are the prime factors of 1053207096?
2, 3, 53, 149, 5557
What are the prime factors of 126402832?
2, 7900177
List the prime factors of 375080514.
2, 3, 197, 317327
List the prime factors of 57261316.
2, 7, 2045047
What are the prime factors of 34968655?
5, 269, 25999
What are the prime factors of 14252644?
2, 7, 509023
What are the prime factors of 54267622?
2, 1033, 26267
What are the prime factors of 2261471341?
2917, 775273
What are the prime factors of 6032739?
3, 17, 23, 37, 139
What are the prime factors of 50765652?
2, 3, 7, 201451
What are the prime factors of 666707?
666707
List the prime factors of 939947928.
2, 3, 5231, 7487
What are the prime factors of 46910015?
5, 59, 159017
List the prime factors of 5377113964.
2, 1913, 702707
What are the prime factors of 1237638098?
2, 601, 991, 1039
What are the prime factors of 63957619?
11, 31, 187559
List the prime factors of 309483856.
2, 11, 19, 4871
List the prime factors of 329517628.
2, 11, 107, 69991
List the prime factors of 720864620.
2, 5, 7, 23, 211, 1061
What are the prime factors of 9082112329?
9082112329
List the prime factors of 268861328.
2, 163, 103091
What are the prime factors of 156128075?
5, 6245123
What are the prime factors of 92861705?
5, 113, 164357
What are the prime factors of 247858029?
3, 9179927
What are the prime factors of 3179155291?
13, 131, 709, 2633
List the prime factors of 28476779.
28476779
List the prime factors of 52971848.
2, 19, 107, 3257
What are the prime factors of 130570385?
5, 11, 2374007
List the prime factors of 1808870508.
2, 3, 43, 389507
List the prime factors of 924195178.
2, 462097589
What are the prime factors of 37503091?
37503091
List the prime factors of 394376167.
499, 790333
What are the prime factors of 181666434?
2, 3, 163, 185753
What are the prime factors of 459867990?
2, 3, 5, 15328933
What are the prime factors of 157458565?
5, 11, 2862883
List the prime factors of 63937261.
19, 127, 26497
What are the prime factors of 60474072?
2, 3, 109, 23117
What are the prime factors of 205480071?
3, 17, 49741
What are the prime factors of 523781659?
523781659
List the prime factors of 41460642.
2, 3, 73, 139, 227
List the prime factors of 2573920078.
2, 1286960039
What are the prime factors of 24850368?
2, 3, 73, 197
List the prime factors of 829702336.
2, 19, 682321
What are the prime factors of 217523476?
2, 19, 89, 32159
What are the prime factors of 45749967?
3, 19, 23, 34897
What are the prime factors of 51790738?
2, 17, 599, 2543
What are the prime factors of 1591497406?
2, 31, 277, 92669
List the prime factors of 19654542.
2, 3, 113, 3221
What are the prime factors of 4468384564?
2, 7, 47, 1373, 2473
What are the prime factors of 2541099999?
3, 53, 761, 21001
List the prime factors of 400007771.
400007771
List the prime factors of 16445928.
2, 3, 685247
List the prime factors of 145805049.
3, 13, 37, 103, 109
What are the prime factors of 41843492?
2, 101, 103573
What are the prime factors of 102040992?
2, 3, 89, 1327
List the prime factors of 181649728.
2, 13, 19, 11491
List the prime factors of 49740688.
2, 3108793
What are the prime factors of 55436792?
2, 1481, 4679
What are the prime factors of 268352477?
23, 1847, 6317
List the prime factors of 238720274.
2, 13, 31, 22783
What are the prime factors of 104298536?
2, 17, 766901
What are the prime factors of 1208495008?
2, 7, 41, 181, 727
List the prime factors of 2289276176.
2, 11, 3251, 4001
What are the prime factors of 2314258968?
2, 3, 7, 43, 457, 701
List the prime factors of 493395579.
3, 157, 349183
List the prime factors of 1377131684.
2, 83, 4147987
What are the prime factors of 427769189?
427769189
What are the prime factors of 111568505?
5, 37, 283, 2131
What are the prime factors of 136372785?
3, 5, 19, 97, 4933
What are the prime factors of 406510875?
3, 5, 151, 2393
List the prime factors of 16784529.
3, 5594843
What are the prime factors of 98146485?
3, 5, 80779
List the prime factors of 131040189.
3, 7, 2080003
What are the prime factors of 2194926341?
19, 443, 260773
What are the prime factors of 210502948?
2, 61, 911, 947
What are the prime factors of 3185185531?
11, 2953, 98057
What are the prime factors of 111237460?
2, 5, 17, 53, 6173
List the prime factors of 1862027690.
2, 5, 186202769
What are the prime factors of 320699606?
2, 877, 182839
What are the prime factors of 334552410?
2, 3, 5, 29, 42727
What are the prime factors of 32680404?
2, 3, 79, 11491
List the prime factors of 1599982335.
3, 5, 7, 1693103
What are the prime factors of 248717615?
5, 71, 641, 1093
List the prime factors of 1048465019.
7, 149780717
List the prime factors of 4776972726.
2, 3, 71, 11213551
What are the prime factors of 1119352967?
463, 2417609
What are the prime factors of 266563882?
2, 13, 19, 23, 29, 809
What are the prime factors of 353767086?
2, 3, 263, 74729
What are the prime factors of 4878084?
2, 3, 406507
List the prime factors of 88556169.
3, 13, 19, 29, 317
What are the prime factors of 1704637411?
839, 2031749
List the prime factors of 264457234.
2, 59, 2241163
What are the prime factors of 10792368?
2, 3, 149, 503
What are the prime factors of 30918298?
2, 15459149
What are the prime factors of 1498957376?
2, 7, 41, 79, 1033
List the prime factors of 167638722.
2, 3, 829, 33703
List the prime factors of 2763432511.
7, 394776073
What are the prime factors of 571984441?
7, 31, 103, 157, 163
What are the prime factors of 6029614569?
3, 11, 182715593
